{"id":716,"date":"2023-04-26T17:26:29","date_gmt":"2023-04-26T17:26:29","guid":{"rendered":"https:\/\/mamaqtambolodge.com\/mamaq2023\/?page_id=716"},"modified":"2023-05-24T11:49:25","modified_gmt":"2023-05-24T16:49:25","slug":"productos-de-gocta","status":"publish","type":"page","link":"https:\/\/mamaqtambolodge.com\/?page_id=716","title":{"rendered":"Productos de Gocta"},"content":{"rendered":"\n<div class=\"wp-block-cover alignfull\" style=\"min-height:50px;aspect-ratio:unset;\"><span aria-hidden=\"true\" class=\"wp-block-cover__background has-nv-site-bg-background-color has-background-dim-100 has-background-dim\"><\/span><div class=\"wp-block-cover__inner-container is-layout-flow wp-block-cover-is-layout-flow\">\n<p class=\"has-text-align-center has-large-font-size\"><\/p>\n<\/div><\/div>\n\n\n\n<div class=\"wp-block-cover alignfull\" style=\"min-height:600px;aspect-ratio:unset;\"><span aria-hidden=\"true\" class=\"wp-block-cover__background has-nv-light-bg-background-color has-background-dim\"><\/span><img loading=\"lazy\" decoding=\"async\" width=\"2048\" height=\"1365\" class=\"wp-block-cover__image-background wp-image-1053\" alt=\"\" src=\"https:\/\/mamaqtambolodge.com\/wp-content\/uploads\/2023\/05\/MAMAQ-TAMBO-100-de-143.jpeg\" style=\"object-position:53% 81%\" data-object-fit=\"cover\" data-object-position=\"53% 81%\" srcset=\"https:\/\/mamaqtambolodge.com\/wp-content\/uploads\/2023\/05\/MAMAQ-TAMBO-100-de-143.jpeg 2048w, https:\/\/mamaqtambolodge.com\/wp-content\/uploads\/2023\/05\/MAMAQ-TAMBO-100-de-143-300x200.jpeg 300w, https:\/\/mamaqtambolodge.com\/wp-content\/uploads\/2023\/05\/MAMAQ-TAMBO-100-de-143-1024x683.jpeg 1024w, https:\/\/mamaqtambolodge.com\/wp-content\/uploads\/2023\/05\/MAMAQ-TAMBO-100-de-143-768x512.jpeg 768w, https:\/\/mamaqtambolodge.com\/wp-content\/uploads\/2023\/05\/MAMAQ-TAMBO-100-de-143-1536x1024.jpeg 1536w, https:\/\/mamaqtambolodge.com\/wp-content\/uploads\/2023\/05\/MAMAQ-TAMBO-100-de-143-930x620.jpeg 930w\" sizes=\"auto, (max-width: 2048px) 100vw, 2048px\" \/><div class=\"wp-block-cover__inner-container is-layout-flow wp-block-cover-is-layout-flow\">\n<div class=\"wp-block-group\"><div class=\"wp-block-group__inner-container is-layout-flow wp-block-group-is-layout-flow\">\n<h1 class=\"wp-block-heading has-text-align-left\">PRODUCTOS DE GOCTA<\/h1>\n\n\n\n<div style=\"height:40px\" aria-hidden=\"true\" class=\"wp-block-spacer\"><\/div>\n\n\n\n<h4 class=\"wp-block-heading has-nv-site-bg-color has-text-color\">ESPACIOS <strong>MAMAQ<\/strong><\/h4>\n\n\n\n<p class=\"has-neve-text-color-color has-nv-site-bg-background-color has-text-color has-background\">En Mamaq Tambo Lodge, cuidamos con dedicaci\u00f3n nuestros productos cultivados en nuestra huerta org\u00e1nica, utilizando abono natural y evitando el uso de pesticidas. Adem\u00e1s, deleitamos a nuestros hu\u00e9spedes con peque\u00f1os frutales, un exquisito caf\u00e9 y una amplia variedad de orqu\u00eddeas y plantas aut\u00f3ctonas que embellecen nuestros jardines, reflejando la riqueza de esta regi\u00f3n.<\/p>\n<\/div><\/div>\n<\/div><\/div>\n\n\n\n<div class=\"wp-block-cover alignfull\" style=\"min-height:600px;aspect-ratio:unset;\"><span aria-hidden=\"true\" class=\"wp-block-cover__background has-nv-site-bg-background-color has-background-dim-100 has-background-dim\"><\/span><div class=\"wp-block-cover__inner-container is-layout-flow wp-block-cover-is-layout-flow\">\n<div style=\"height:15px\" aria-hidden=\"true\" class=\"wp-block-spacer\"><\/div>\n\n\n\n<p class=\"has-neve-text-color-color has-text-color\"><strong>HUERTA<\/strong><\/p>\n\n\n\n<hr class=\"wp-block-separator has-text-color has-nv-dark-bg-color has-alpha-channel-opacity has-nv-dark-bg-background-color has-background\"\/>\n\n\n\n<div id=\"wp-block-themeisle-blocks-advanced-columns-9000bf4e\" class=\"wp-block-themeisle-blocks-advanced-columns has-2-columns has-desktop-equal-layout has-tablet-equal-layout has-mobile-collapsedRows-layout has-vertical-unset\"><div class=\"wp-block-themeisle-blocks-advanced-columns-overlay\"><\/div><div class=\"innerblocks-wrap\">\n<div id=\"wp-block-themeisle-blocks-advanced-column-6a4a6082\" class=\"wp-block-themeisle-blocks-advanced-column\">\n<p class=\"has-text-align-right has-neve-text-color-color has-text-color\">En Mamaq Tambo Lodge cultivamos en nuestra peque\u00f1a huerta diferentes frutos y hortalizas como tomates, ensaladas, cebollas, tub\u00e9rculos, caf\u00e9, pl\u00e1tanos, pi\u00f1as, lim\u00f3n, sacha tomate, ma\u00edz, maracuy\u00e1, ar\u00e1ndanos, aguaymantos y hierbas arom\u00e1ticas y para infusiones.<br><br>Nuestros cultivos van directo a su mesa escogiendo el men\u00fa en base a la temporada y disponibilidad de los productos.<br><br>Complementamos nuestra oferta con productos org\u00e1nicos de otras huertas aleda\u00f1as del valle de Gocta.<br><br>Todos los cultivos de Mamaq Tambo Lodge son fertilizados con el compost producido con los mismos desechos org\u00e1nicos de la cocina.<br>Ademas no se hace uso de ning\u00fan fertilizante que no sea de origen natural.<\/p>\n<\/div>\n\n\n\n<div id=\"wp-block-themeisle-blocks-advanced-column-e8c642f1\" class=\"wp-block-themeisle-blocks-advanced-column\"><div class=\"wp-block-image\">\n<figure class=\"aligncenter size-large is-resized\"><img loading=\"lazy\" decoding=\"async\" src=\"https:\/\/mamaqtambolodge.com\/wp-content\/uploads\/2023\/04\/huerta_mamaq.png\" alt=\"\" width=\"450\" height=\"450\"\/><\/figure>\n<\/div><\/div>\n<\/div><\/div>\n<\/div><\/div>\n\n\n\n<div class=\"wp-block-cover alignfull\" style=\"min-height:400px;aspect-ratio:unset;\"><span aria-hidden=\"true\" class=\"wp-block-cover__background has-nv-light-bg-background-color has-background-dim-100 has-background-dim\"><\/span><div class=\"wp-block-cover__inner-container is-layout-flow wp-block-cover-is-layout-flow\">\n<div style=\"height:15px\" aria-hidden=\"true\" class=\"wp-block-spacer\"><\/div>\n\n\n\n<p class=\"has-text-align-right has-neve-text-color-color has-text-color\"><strong>JARDINES<\/strong><\/p>\n\n\n\n<hr class=\"wp-block-separator has-alpha-channel-opacity\"\/>\n\n\n\n<div id=\"wp-block-themeisle-blocks-advanced-columns-d3297ad3\" class=\"wp-block-themeisle-blocks-advanced-columns has-1-columns has-desktop-equal-layout has-tablet-equal-layout has-mobile-equal-layout has-vertical-unset\"><div class=\"wp-block-themeisle-blocks-advanced-columns-overlay\"><\/div><div class=\"innerblocks-wrap\">\n<div id=\"wp-block-themeisle-blocks-advanced-column-dc142b13\" class=\"wp-block-themeisle-blocks-advanced-column\">\n<p class=\"has-neve-text-color-color has-text-color\">En <em>Mamaq Tambo Lodge<\/em> tenemos diferentes espacios naturales, <em>jardines bajos<\/em> decorados con flores, <em>bosque de reforestaci\u00f3n<\/em> con arboles end\u00e9micos, <em>mini orquidiarios<\/em> donde se pueden apreciar diferentes variedades que crecen espont\u00e1neamente en las monta\u00f1as alrededor.<br><br><strong>La reforestaci\u00f3n<\/strong> es una parte muy importante del proyecto en <em>Mamaq Tambo Lodge<\/em> en cuanto los arboles son el entorno necesario para las aves.<br>En los arboles reforestados las aves encuentran espacios para nidificar o, como en el caso de los colibr\u00ed, flores de lo que se nutren.<br><br><strong>Las practicas de bio-reciclaje<\/strong> tambi\u00e9n es una forma de recrear el subsuelo, con el compostaje de la materia org\u00e1nica producida diariamente en la cocina y de la limpieza de los <strong>bio-digestores<\/strong> se crean fertilizante de alto rendimiento.<br><br>Ademas colaboramos con <a href=\"https:\/\/www.conservamospornaturaleza.org\/\">Conservamos por Naturaleza<\/a> que es una plataforma creada por la <strong>Sociedad Peruana de Derecho Ambiental (SPDA)<\/strong>.<br>\u201cConservamos\u201d naci\u00f3 para brindar apoyo a iniciativas de conservaci\u00f3n voluntaria y para involucrar a m\u00e1s personas en acciones estrat\u00e9gicas para contribuir al cuidado de la naturaleza.<\/p>\n<\/div>\n<\/div><\/div>\n<\/div><\/div>\n\n\n\n<div class=\"wp-block-cover alignfull\" style=\"min-height:400px;aspect-ratio:unset;\"><span aria-hidden=\"true\" class=\"wp-block-cover__background has-nv-site-bg-background-color has-background-dim-100 has-background-dim\"><\/span><div class=\"wp-block-cover__inner-container is-layout-flow wp-block-cover-is-layout-flow\">\n<div style=\"height:15px\" aria-hidden=\"true\" class=\"wp-block-spacer\"><\/div>\n\n\n\n<p class=\"has-text-align-left has-neve-text-color-color has-text-color\"><strong>GALERIA<\/strong><\/p>\n\n\n\n<hr class=\"wp-block-separator has-text-color has-nv-dark-bg-color has-alpha-channel-opacity has-nv-dark-bg-background-color has-background\"\/>\n\n\n\n<div style=\"height:15px\" aria-hidden=\"true\" class=\"wp-block-spacer\"><\/div>\n\n\n<style type=\"text\/css\" scoped>.rbs_gallery_69ea2acf52714Spinner{\r\n\t\t\t\tmargin: 50px auto;\r\n\t\t\t\twidth: 50px;\r\n\t\t\t\theight: 40px;\r\n\t\t\t\ttext-align: center;\r\n\t\t\t\tfont-size: 10px;\r\n\t\t\t}\r\n\t\t\t.rbs_gallery_69ea2acf52714Spinner > div{\r\n\t\t\t  background-color: #333;\r\n\t\t\t  height: 100%;\r\n\t\t\t  width: 6px;\r\n\t\t\t  display: inline-block;\r\n\t\t\t  -webkit-animation: rbs_gallery_69ea2acf52714-stretchdelay 1.2s infinite ease-in-out;\r\n\t\t\t  animation: rbs_gallery_69ea2acf52714-stretchdelay 1.2s infinite ease-in-out;\r\n\t\t\t}\r\n\t\t\t.rbs_gallery_69ea2acf52714Spinner .rbs_gallery_69ea2acf52714Rect2 {\r\n\t\t\t  -webkit-animation-delay: -1.1s;\r\n\t\t\t  animation-delay: -1.1s;\r\n\t\t\t}\r\n\t\t\t.rbs_gallery_69ea2acf52714Spinner .rbs_gallery_69ea2acf52714Rect3 {\r\n\t\t\t  -webkit-animation-delay: -1.0s;\r\n\t\t\t  animation-delay: -1.0s;\r\n\t\t\t}\r\n\t\t\t.rbs_gallery_69ea2acf52714Spinner .rbs_gallery_69ea2acf52714Rect4 {\r\n\t\t\t  -webkit-animation-delay: -0.9s;\r\n\t\t\t  animation-delay: -0.9s;\r\n\t\t\t}\r\n\t\t\t.rbs_gallery_69ea2acf52714Spinner .rbs_gallery_69ea2acf52714Rect5 {\r\n\t\t\t  -webkit-animation-delay: -0.8s;\r\n\t\t\t  animation-delay: -0.8s;\r\n\t\t\t}\r\n\t\t\t@-webkit-keyframes rbs_gallery_69ea2acf52714-stretchdelay {\r\n\t\t\t  0%, 40%, 100% { -webkit-transform: scaleY(0.4) }  \r\n\t\t\t  20% { -webkit-transform: scaleY(1.0) }\r\n\t\t\t}\r\n\t\t\t@keyframes rbs_gallery_69ea2acf52714-stretchdelay {\r\n\t\t\t  0%, 40%, 100% { \r\n\t\t\t    transform: scaleY(0.4);\r\n\t\t\t    -webkit-transform: scaleY(0.4);\r\n\t\t\t  }  20% { \r\n\t\t\t    transform: scaleY(1.0);\r\n\t\t\t    -webkit-transform: scaleY(1.0);\r\n\t\t\t  }\r\n\t\t\t}\r\n\t\t<\/style><div class=\"robo-gallery-wrap robo-gallery-wrap-id1088 robo-gallery-masonry\" ><div id=\"rbs_gallery_69ea2acf52714-block-loader\" class=\"rbs_gallery_69ea2acf52714Spinner\"><div class=\"rbs_gallery_69ea2acf52714Rect1\"><\/div> <div class=\"rbs_gallery_69ea2acf52714Rect2\"><\/div> <div class=\"rbs_gallery_69ea2acf52714Rect3\"><\/div> <div class=\"rbs_gallery_69ea2acf52714Rect4\"><\/div> <div class=\"rbs_gallery_69ea2acf52714Rect5\"><\/div><\/div><div id=\"robo_gallery_main_block_rbs_gallery_69ea2acf52714\" class=\"robogallery-gallery-1088\" style=\"width:100%;  display: none;\"><div id=\"rbs_gallery_69ea2acf52714\" data-options=\"rbs_gallery_69ea2acf52714\" style=\"width:100%;\" class=\"robo_gallery  \"><div class=\"rbs-img  category1088 \" ><div class=\"rbs-img-image   rbs-lightbox \" ><div class=\"rbs-img-thumbs\"  data-thumbnail=\"https:\/\/mamaqtambolodge.com\/wp-content\/uploads\/2023\/04\/orquideario1_mamaq.png\"  title=\"Orquideario Mamaq\"  data-width=\"600\"  data-height=\"600\" ><\/div><div class=\"rbs-img-data-popup\"  data-popup=\"https:\/\/mamaqtambolodge.com\/wp-content\/uploads\/2023\/04\/orquideario1_mamaq.png\"  title=\"Orquideario Mamaq\" ><\/div><div class=\"thumbnail-overlay\"><div class=\"rbsTitle \">Orquideario Mamaq<\/div><div class=\"rbsIcons\"><i class=\"fa fa-plus rbsZoomIcon \" ><\/i><\/div><\/div><\/div><\/div><div class=\"rbs-img  category1088 \" ><div class=\"rbs-img-image   rbs-lightbox \" ><div class=\"rbs-img-thumbs\"  data-thumbnail=\"https:\/\/mamaqtambolodge.com\/wp-content\/uploads\/2023\/04\/orquideario_mamaq-300x300.png\"  title=\"Orquideario Mamaq\"  data-width=\"300\"  data-height=\"300\" ><\/div><div class=\"rbs-img-data-popup\"  data-popup=\"https:\/\/mamaqtambolodge.com\/wp-content\/uploads\/2023\/04\/orquideario_mamaq.png\"  title=\"Orquideario Mamaq\" ><\/div><div class=\"thumbnail-overlay\"><div class=\"rbsTitle \">Orquideario Mamaq<\/div><div class=\"rbsIcons\"><i class=\"fa fa-plus rbsZoomIcon \" ><\/i><\/div><\/div><\/div><\/div><div class=\"rbs-img  category1088 \" ><div class=\"rbs-img-image   rbs-lightbox \" ><div class=\"rbs-img-thumbs\"  data-thumbnail=\"https:\/\/mamaqtambolodge.com\/wp-content\/uploads\/2023\/04\/flor_mamaq.png\"  title=\"Jardines, Flores y Colibr\u00ed en Mamaq Tambo Lodge - Gocta - Amazonas\"  data-width=\"600\"  data-height=\"600\" ><\/div><div class=\"rbs-img-data-popup\"  data-popup=\"https:\/\/mamaqtambolodge.com\/wp-content\/uploads\/2023\/04\/flor_mamaq.png\"  title=\"Jardines, Flores y Colibr\u00ed en Mamaq Tambo Lodge - Gocta - Amazonas\"  data-alt=\"Jardines, Flores y Colibr\u00ed en Mamaq Tambo Lodge - Gocta - Amazonas\" ><\/div><div class=\"thumbnail-overlay\"><div class=\"rbsTitle \">Jardines, Flores y Colibr\u00ed en Mamaq Tambo Lodge - Gocta - Amazonas<\/div><div class=\"rbsIcons\"><i class=\"fa fa-plus rbsZoomIcon \" ><\/i><\/div><\/div><\/div><\/div><div class=\"rbs-img  category1088 \" ><div class=\"rbs-img-image   rbs-lightbox \" ><div class=\"rbs-img-thumbs\"  data-thumbnail=\"https:\/\/mamaqtambolodge.com\/wp-content\/uploads\/2023\/04\/orquidea1_mamaq.png\"  title=\"Jardines, Flores y Colibr\u00ed en Mamaq Tambo Lodge - Gocta - Amazonas\"  data-width=\"600\"  data-height=\"600\" ><\/div><div class=\"rbs-img-data-popup\"  data-popup=\"https:\/\/mamaqtambolodge.com\/wp-content\/uploads\/2023\/04\/orquidea1_mamaq.png\"  title=\"Jardines, Flores y Colibr\u00ed en Mamaq Tambo Lodge - Gocta - Amazonas\"  data-alt=\"Jardines, Flores y Colibr\u00ed en Mamaq Tambo Lodge - Gocta - Amazonas\" ><\/div><div class=\"thumbnail-overlay\"><div class=\"rbsTitle \">Jardines, Flores y Colibr\u00ed en Mamaq Tambo Lodge - Gocta - Amazonas<\/div><div class=\"rbsIcons\"><i class=\"fa fa-plus rbsZoomIcon \" ><\/i><\/div><\/div><\/div><\/div><div class=\"rbs-img  category1088 \" ><div class=\"rbs-img-image   rbs-lightbox \" ><div class=\"rbs-img-thumbs\"  data-thumbnail=\"https:\/\/mamaqtambolodge.com\/wp-content\/uploads\/2023\/04\/orquidea_mamaq.png\"  title=\"Jardines, Flores y Colibr\u00ed en Mamaq Tambo Lodge - Gocta - Amazonas\"  data-width=\"600\"  data-height=\"600\" ><\/div><div class=\"rbs-img-data-popup\"  data-popup=\"https:\/\/mamaqtambolodge.com\/wp-content\/uploads\/2023\/04\/orquidea_mamaq.png\"  title=\"Jardines, Flores y Colibr\u00ed en Mamaq Tambo Lodge - Gocta - Amazonas\"  data-alt=\"Jardines, Flores y Colibr\u00ed en Mamaq Tambo Lodge - Gocta - Amazonas\" ><\/div><div class=\"thumbnail-overlay\"><div class=\"rbsTitle \">Jardines, Flores y Colibr\u00ed en Mamaq Tambo Lodge - Gocta - Amazonas<\/div><div class=\"rbsIcons\"><i class=\"fa fa-plus rbsZoomIcon \" ><\/i><\/div><\/div><\/div><\/div><div class=\"rbs-img  category1088 \" ><div class=\"rbs-img-image   rbs-lightbox \" ><div class=\"rbs-img-thumbs\"  data-thumbnail=\"https:\/\/mamaqtambolodge.com\/wp-content\/uploads\/2023\/04\/bromelia_mamaq.png\"  title=\"Jardines, Flores y Colibr\u00ed en Mamaq Tambo Lodge - Gocta - Amazonas\"  data-width=\"600\"  data-height=\"600\" ><\/div><div class=\"rbs-img-data-popup\"  data-popup=\"https:\/\/mamaqtambolodge.com\/wp-content\/uploads\/2023\/04\/bromelia_mamaq.png\"  title=\"Jardines, Flores y Colibr\u00ed en Mamaq Tambo Lodge - Gocta - Amazonas\"  data-alt=\"Jardines, Flores y Colibr\u00ed en Mamaq Tambo Lodge - Gocta - Amazonas\" ><\/div><div class=\"thumbnail-overlay\"><div class=\"rbsTitle \">Jardines, Flores y Colibr\u00ed en Mamaq Tambo Lodge - Gocta - Amazonas<\/div><div class=\"rbsIcons\"><i class=\"fa fa-plus rbsZoomIcon \" ><\/i><\/div><\/div><\/div><\/div><div class=\"rbs-img  category1088 \" ><div class=\"rbs-img-image   rbs-lightbox \" ><div class=\"rbs-img-thumbs\"  data-thumbnail=\"https:\/\/mamaqtambolodge.com\/wp-content\/uploads\/2023\/04\/girasol_mamaq-300x300.png\"  title=\"Jardines, Flores y Colibr\u00ed en Mamaq Tambo Lodge - Gocta - Amazonas\"  data-width=\"300\"  data-height=\"300\" ><\/div><div class=\"rbs-img-data-popup\"  data-popup=\"https:\/\/mamaqtambolodge.com\/wp-content\/uploads\/2023\/04\/girasol_mamaq.png\"  title=\"Jardines, Flores y Colibr\u00ed en Mamaq Tambo Lodge - Gocta - Amazonas\"  data-alt=\"Jardines, Flores y Colibr\u00ed en Mamaq Tambo Lodge - Gocta - Amazonas\" ><\/div><div class=\"thumbnail-overlay\"><div class=\"rbsTitle \">Jardines, Flores y Colibr\u00ed en Mamaq Tambo Lodge - Gocta - Amazonas<\/div><div class=\"rbsIcons\"><i class=\"fa fa-plus rbsZoomIcon \" ><\/i><\/div><\/div><\/div><\/div><div class=\"rbs-img  category1088 \" ><div class=\"rbs-img-image   rbs-lightbox \" ><div class=\"rbs-img-thumbs\"  data-thumbnail=\"https:\/\/mamaqtambolodge.com\/wp-content\/uploads\/2023\/04\/lavanda_mamaq.png\"  title=\"Jardines, Flores y Colibr\u00ed en Mamaq Tambo Lodge - Gocta - Amazonas\"  data-width=\"600\"  data-height=\"600\" ><\/div><div class=\"rbs-img-data-popup\"  data-popup=\"https:\/\/mamaqtambolodge.com\/wp-content\/uploads\/2023\/04\/lavanda_mamaq.png\"  title=\"Jardines, Flores y Colibr\u00ed en Mamaq Tambo Lodge - Gocta - Amazonas\"  data-alt=\"Jardines, Flores y Colibr\u00ed en Mamaq Tambo Lodge - Gocta - Amazonas\" ><\/div><div class=\"thumbnail-overlay\"><div class=\"rbsTitle \">Jardines, Flores y Colibr\u00ed en Mamaq Tambo Lodge - Gocta - Amazonas<\/div><div class=\"rbsIcons\"><i class=\"fa fa-plus rbsZoomIcon \" ><\/i><\/div><\/div><\/div><\/div><div class=\"rbs-img  category1088 \" ><div class=\"rbs-img-image   rbs-lightbox \" ><div class=\"rbs-img-thumbs\"  data-thumbnail=\"https:\/\/mamaqtambolodge.com\/wp-content\/uploads\/2023\/04\/algodon_mamaq.png\"  title=\"Jardines, Flores y Colibr\u00ed en Mamaq Tambo Lodge - Gocta - Amazonas\"  data-width=\"600\"  data-height=\"600\" ><\/div><div class=\"rbs-img-data-popup\"  data-popup=\"https:\/\/mamaqtambolodge.com\/wp-content\/uploads\/2023\/04\/algodon_mamaq.png\"  title=\"Jardines, Flores y Colibr\u00ed en Mamaq Tambo Lodge - Gocta - Amazonas\"  data-alt=\"Jardines, Flores y Colibr\u00ed en Mamaq Tambo Lodge - Gocta - Amazonas\" ><\/div><div class=\"thumbnail-overlay\"><div class=\"rbsTitle \">Jardines, Flores y Colibr\u00ed en Mamaq Tambo Lodge - Gocta - Amazonas<\/div><div class=\"rbsIcons\"><i class=\"fa fa-plus rbsZoomIcon \" ><\/i><\/div><\/div><\/div><\/div><div class=\"rbs-img  category1088 \" ><div class=\"rbs-img-image   rbs-lightbox \" ><div class=\"rbs-img-thumbs\"  data-thumbnail=\"https:\/\/mamaqtambolodge.com\/wp-content\/uploads\/2023\/04\/ugsano_mamaq.jpeg\"  title=\"Jardines, Flores y Colibr\u00ed en Mamaq Tambo Lodge - Gocta - Amazonas\"  data-width=\"600\"  data-height=\"600\" ><\/div><div class=\"rbs-img-data-popup\"  data-popup=\"https:\/\/mamaqtambolodge.com\/wp-content\/uploads\/2023\/04\/ugsano_mamaq.jpeg\"  title=\"Jardines, Flores y Colibr\u00ed en Mamaq Tambo Lodge - Gocta - Amazonas\"  data-alt=\"Jardines, Flores y Colibr\u00ed en Mamaq Tambo Lodge - Gocta - Amazonas\" ><\/div><div class=\"thumbnail-overlay\"><div class=\"rbsTitle \">Jardines, Flores y Colibr\u00ed en Mamaq Tambo Lodge - Gocta - Amazonas<\/div><div class=\"rbsIcons\"><i class=\"fa fa-plus rbsZoomIcon \" ><\/i><\/div><\/div><\/div><\/div><div class=\"rbs-img  category1088 \" ><div class=\"rbs-img-image   rbs-lightbox \" ><div class=\"rbs-img-thumbs\"  data-thumbnail=\"https:\/\/mamaqtambolodge.com\/wp-content\/uploads\/2023\/04\/cartucho_mamaq-300x300.jpeg\"  title=\"Jardines, Flores y Colibr\u00ed en Mamaq Tambo Lodge - Gocta - Amazonas\"  data-width=\"300\"  data-height=\"300\" ><\/div><div class=\"rbs-img-data-popup\"  data-popup=\"https:\/\/mamaqtambolodge.com\/wp-content\/uploads\/2023\/04\/cartucho_mamaq.jpeg\"  title=\"Jardines, Flores y Colibr\u00ed en Mamaq Tambo Lodge - Gocta - Amazonas\"  data-alt=\"Jardines, Flores y Colibr\u00ed en Mamaq Tambo Lodge - Gocta - Amazonas\" ><\/div><div class=\"thumbnail-overlay\"><div class=\"rbsTitle \">Jardines, Flores y Colibr\u00ed en Mamaq Tambo Lodge - Gocta - Amazonas<\/div><div class=\"rbsIcons\"><i class=\"fa fa-plus rbsZoomIcon \" ><\/i><\/div><\/div><\/div><\/div><div class=\"rbs-img  category1088 \" ><div class=\"rbs-img-image   rbs-lightbox \" ><div class=\"rbs-img-thumbs\"  data-thumbnail=\"https:\/\/mamaqtambolodge.com\/wp-content\/uploads\/2023\/04\/mariposa_mamaq.jpeg\"  title=\"Jardines, Flores y Colibr\u00ed en Mamaq Tambo Lodge - Gocta - Amazonas\"  data-width=\"600\"  data-height=\"600\" ><\/div><div class=\"rbs-img-data-popup\"  data-popup=\"https:\/\/mamaqtambolodge.com\/wp-content\/uploads\/2023\/04\/mariposa_mamaq.jpeg\"  title=\"Jardines, Flores y Colibr\u00ed en Mamaq Tambo Lodge - Gocta - Amazonas\"  data-alt=\"Jardines, Flores y Colibr\u00ed en Mamaq Tambo Lodge - Gocta - Amazonas\" ><\/div><div class=\"thumbnail-overlay\"><div class=\"rbsTitle \">Jardines, Flores y Colibr\u00ed en Mamaq Tambo Lodge - Gocta - Amazonas<\/div><div class=\"rbsIcons\"><i class=\"fa fa-plus rbsZoomIcon \" ><\/i><\/div><\/div><\/div><\/div><\/div><\/div><\/div><script>var rbs_gallery_69ea2acf52714 = {\"version\":\"5.1.4\",\"id\":1088,\"class\":\"id1088\",\"roboGalleryDelay\":1000,\"mainContainer\":\"#robo_gallery_main_block_rbs_gallery_69ea2acf52714\",\"loadingContainer\":\"#rbs_gallery_69ea2acf52714-block-loader\",\"loadingContainerObj\":\"rbs_gallery_69ea2acf52714-block-loader\",\"columnWidth\":\"auto\",\"columns\":3,\"resolutions\":[{\"columnWidth\":\"auto\",\"columns\":3,\"maxWidth\":960},{\"columnWidth\":\"auto\",\"columns\":2,\"maxWidth\":650},{\"columnWidth\":\"auto\",\"columns\":1,\"maxWidth\":450}],\"lightboxOptions\":{\"gallery\":{\"enabled\":true,\"tCounter\":\"%curr% of %total%\"}},\"overlayEffect\":\"direction-aware-fade\",\"boxesToLoadStart\":12,\"boxesToLoad\":8,\"waitUntilThumbLoads\":1,\"LoadingWord\":\"Loading...\",\"loadMoreWord\":\"Load More\",\"noMoreEntriesWord\":\"No More Entries\",\"horizontalSpaceBetweenBoxes\":15,\"verticalSpaceBetweenBoxes\":15,\"lazyLoad\":1,\"wrapContainer\":\"#robo-gallery-wrap-rbs_gallery_69ea2acf52714\"};<\/script>\n\n\n\n<div style=\"height:15px\" aria-hidden=\"true\" class=\"wp-block-spacer\"><\/div>\n<\/div><\/div>\n","protected":false},"excerpt":{"rendered":"","protected":false},"author":1,"featured_media":0,"parent":0,"menu_order":0,"comment_status":"closed","ping_status":"closed","template":"","meta":{"neve_meta_sidebar":"full-width","neve_meta_container":"","neve_meta_enable_content_width":"on","neve_meta_content_width":100,"neve_meta_title_alignment":"","neve_meta_author_avatar":"","neve_post_elements_order":"","neve_meta_disable_header":"","neve_meta_disable_footer":"","neve_meta_disable_title":"on","_themeisle_gutenberg_block_has_review":false,"_joinchat":[],"footnotes":""},"class_list":["post-716","page","type-page","status-publish","hentry"],"_links":{"self":[{"href":"https:\/\/mamaqtambolodge.com\/index.php?rest_route=\/wp\/v2\/pages\/716","targetHints":{"allow":["GET"]}}],"collection":[{"href":"https:\/\/mamaqtambolodge.com\/index.php?rest_route=\/wp\/v2\/pages"}],"about":[{"href":"https:\/\/mamaqtambolodge.com\/index.php?rest_route=\/wp\/v2\/types\/page"}],"author":[{"embeddable":true,"href":"https:\/\/mamaqtambolodge.com\/index.php?rest_route=\/wp\/v2\/users\/1"}],"replies":[{"embeddable":true,"href":"https:\/\/mamaqtambolodge.com\/index.php?rest_route=%2Fwp%2Fv2%2Fcomments&post=716"}],"version-history":[{"count":0,"href":"https:\/\/mamaqtambolodge.com\/index.php?rest_route=\/wp\/v2\/pages\/716\/revisions"}],"wp:attachment":[{"href":"https:\/\/mamaqtambolodge.com\/index.php?rest_route=%2Fwp%2Fv2%2Fmedia&parent=716"}],"curies":[{"name":"wp","href":"https:\/\/api.w.org\/{rel}","templated":true}]}}