{"id":1146,"date":"2023-06-20T12:10:23","date_gmt":"2023-06-20T17:10:23","guid":{"rendered":"https:\/\/mamaqtambolodge.com\/?page_id=1146"},"modified":"2025-11-08T18:48:00","modified_gmt":"2025-11-08T23:48:00","slug":"retiros-mamaq","status":"publish","type":"page","link":"https:\/\/mamaqtambolodge.com\/?page_id=1146","title":{"rendered":"Retiros Mamaq"},"content":{"rendered":"\n<div class=\"wp-block-cover alignfull\" style=\"min-height:50px;aspect-ratio:unset;\"><span aria-hidden=\"true\" class=\"wp-block-cover__background has-nv-site-bg-background-color has-background-dim-100 has-background-dim\"><\/span><div class=\"wp-block-cover__inner-container is-layout-flow wp-block-cover-is-layout-flow\">\n<p class=\"has-text-align-center has-large-font-size\"><\/p>\n<\/div><\/div>\n\n\n\n<div class=\"wp-block-cover alignfull is-light\" style=\"min-height:600px;aspect-ratio:unset;\"><img loading=\"lazy\" decoding=\"async\" width=\"2400\" height=\"1600\" class=\"wp-block-cover__image-background wp-image-1177\" alt=\"\" src=\"https:\/\/mamaqtambolodge.com\/wp-content\/uploads\/2023\/06\/taller_retiros.jpg\" style=\"object-position:49% 83%\" data-object-fit=\"cover\" data-object-position=\"49% 83%\" srcset=\"https:\/\/mamaqtambolodge.com\/wp-content\/uploads\/2023\/06\/taller_retiros.jpg 2400w, https:\/\/mamaqtambolodge.com\/wp-content\/uploads\/2023\/06\/taller_retiros-300x200.jpg 300w, https:\/\/mamaqtambolodge.com\/wp-content\/uploads\/2023\/06\/taller_retiros-1024x683.jpg 1024w, https:\/\/mamaqtambolodge.com\/wp-content\/uploads\/2023\/06\/taller_retiros-768x512.jpg 768w, https:\/\/mamaqtambolodge.com\/wp-content\/uploads\/2023\/06\/taller_retiros-1536x1024.jpg 1536w, https:\/\/mamaqtambolodge.com\/wp-content\/uploads\/2023\/06\/taller_retiros-2048x1365.jpg 2048w, https:\/\/mamaqtambolodge.com\/wp-content\/uploads\/2023\/06\/taller_retiros-930x620.jpg 930w\" sizes=\"auto, (max-width: 2400px) 100vw, 2400px\" \/><span aria-hidden=\"true\" class=\"wp-block-cover__background has-nv-light-bg-background-color has-background-dim\"><\/span><div class=\"wp-block-cover__inner-container is-layout-flow wp-block-cover-is-layout-flow\">\n<div class=\"wp-block-group\"><div class=\"wp-block-group__inner-container is-layout-flow wp-block-group-is-layout-flow\">\n<h1 class=\"wp-block-heading has-text-align-left has-nv-site-bg-color has-text-color\">RETIROS MAMAQ<\/h1>\n\n\n\n<div style=\"height:40px\" aria-hidden=\"true\" class=\"wp-block-spacer\"><\/div>\n\n\n\n<h4 class=\"wp-block-heading has-text-align-left has-nv-site-bg-color has-text-color\">EXPERIENCIAS MAMAQ<\/h4>\n\n\n\n<p class=\"has-neve-text-color-color has-nv-site-bg-background-color has-text-color has-background\">Hemos creado el programa \"Retiros Mamaq Tambo Lodge\" especialmente dise\u00f1ado para aquellos clientes que deseen organizar un retiro en un entorno especial. En Mamaq Tambo Lodge, nos esforzamos por brindar una atenci\u00f3n dedicada y personalizada, cuidando cada detalle para cada grupo.<br>Proporcionamos el espacio y las herramientas necesarias para que puedas organizar tu propio retiro. Adem\u00e1s, si as\u00ed lo deseas, ofrecemos asistencia durante las sesiones de tu retiro para garantizar una experiencia a\u00fan m\u00e1s enriquecedora.<br>Nuestro lodge se encuentra rodeado de impresionantes monta\u00f1as verdes y majestuosas cascadas, como la m\u00edstica Gocta, creando un entorno realmente \u00fanico y especial para tu retiro.<\/p>\n<\/div><\/div>\n<\/div><\/div>\n\n\n\n<div class=\"wp-block-cover alignfull\" style=\"min-height:400px;aspect-ratio:unset;\"><span aria-hidden=\"true\" class=\"wp-block-cover__background has-nv-site-bg-background-color has-background-dim-100 has-background-dim\"><\/span><div class=\"wp-block-cover__inner-container is-layout-flow wp-block-cover-is-layout-flow\">\n<p class=\"has-text-align-right has-neve-text-color-color has-text-color\"><strong>RETIROS Y C\u00cdRCULOS<\/strong><br><em>Detalles<\/em><\/p>\n\n\n\n<hr class=\"wp-block-separator has-text-color has-nv-dark-bg-color has-alpha-channel-opacity has-nv-dark-bg-background-color has-background\"\/>\n\n\n\n<div id=\"wp-block-themeisle-blocks-advanced-columns-9000bf4e\" class=\"wp-block-themeisle-blocks-advanced-columns has-2-columns has-desktop-equal-layout has-tablet-equal-layout has-mobile-collapsedRows-layout has-vertical-unset\"><div class=\"wp-block-themeisle-blocks-advanced-columns-overlay\"><\/div><div class=\"innerblocks-wrap\">\n<div id=\"wp-block-themeisle-blocks-advanced-column-6a4a6082\" class=\"wp-block-themeisle-blocks-advanced-column\">\n<p class=\"has-neve-text-color-color has-text-color\">Nos encanta recibir u organizar retiros centrados en diversas actividades, tanto individuales como combinadas. Algunas de las opciones que nos han tra\u00eddo diferentes facilitadores o que co-organizamos junto a Amarylis Kesh de @espaciolaama son:<\/p>\n\n\n\n<p class=\"has-neve-text-color-color has-text-color\"><strong>Yoga:<\/strong> Ofrecemos espacios adecuados para pr\u00e1cticas de yoga, as\u00ed como una piscina natural para yoga en el agua por ejemplo, y zonas adecuadas para aeroyoga entre otros<\/p>\n\n\n\n<p class=\"has-neve-text-color-color has-text-color\"><strong>Talleres sobre el reconocimiento y uso de plantas medicinales y arom\u00e1ticas:<\/strong> A trav\u00e9s de estos talleres, aprender\u00e1s sobre las propiedades curativas de las plantas y c\u00f3mo utilizarlas para mejorar tu bienestar.<\/p>\n\n\n\n<p class=\"has-neve-text-color-color has-text-color\"><strong>Sauna con plantas medicinales y arom\u00e1ticas locales:<\/strong> Nuestras sesiones de sauna vienen acompa\u00f1adas pro el uso de variedad de plantas de nuestro jard\u00edn, infusiones y aceites para el cuerpo para promover la desintoxicaci\u00f3n, relajaci\u00f3n y purificaci\u00f3n del cuerpo.<\/p>\n\n\n\n<p class=\"has-neve-text-color-color has-text-color\"><strong>Canalizaci\u00f3n Energ\u00e9tica:<\/strong> Te ofrecemos pr\u00e1cticas de canalizaci\u00f3n energ\u00e9tica para ayudarte a equilibrar tus energ\u00edas y promover una sensaci\u00f3n de armon\u00eda interior.<\/p>\n\n\n\n<p class=\"has-neve-text-color-color has-text-color\"><strong>Meditaci\u00f3n<\/strong>: Disponemos de espacios tranquilos y propicios para la meditaci\u00f3n, donde podr\u00e1s practicar y encontrar la serenidad interior.<\/p>\n<\/div>\n\n\n\n<div id=\"wp-block-themeisle-blocks-advanced-column-e8c642f1\" class=\"wp-block-themeisle-blocks-advanced-column\"><div class=\"wp-block-image\">\n<figure class=\"aligncenter size-full is-resized\"><img loading=\"lazy\" decoding=\"async\" width=\"600\" height=\"600\" src=\"https:\/\/mamaqtambolodge.com\/wp-content\/uploads\/2023\/06\/taller_retiro.jpg\" alt=\"\" class=\"wp-image-1160\" style=\"width:450px;height:450px\" srcset=\"https:\/\/mamaqtambolodge.com\/wp-content\/uploads\/2023\/06\/taller_retiro.jpg 600w, https:\/\/mamaqtambolodge.com\/wp-content\/uploads\/2023\/06\/taller_retiro-300x300.jpg 300w, https:\/\/mamaqtambolodge.com\/wp-content\/uploads\/2023\/06\/taller_retiro-150x150.jpg 150w\" sizes=\"auto, (max-width: 600px) 100vw, 600px\" \/><\/figure>\n<\/div><\/div>\n<\/div><\/div>\n<\/div><\/div>\n\n\n\n<div class=\"wp-block-cover alignfull\" style=\"min-height:600px;aspect-ratio:unset;\"><span aria-hidden=\"true\" class=\"wp-block-cover__background has-nv-light-bg-background-color has-background-dim-100 has-background-dim\"><\/span><div class=\"wp-block-cover__inner-container is-layout-flow wp-block-cover-is-layout-flow\">\n<div style=\"height:15px\" aria-hidden=\"true\" class=\"wp-block-spacer\"><\/div>\n\n\n\n<p class=\"has-text-align-left has-neve-text-color-color has-text-color\"><strong>RETIROS Y C\u00cdRCULOS<\/strong><br><em>Detalles<\/em><\/p>\n\n\n\n<hr class=\"wp-block-separator has-alpha-channel-opacity\"\/>\n\n\n\n<div id=\"wp-block-themeisle-blocks-advanced-columns-d3297ad3\" class=\"wp-block-themeisle-blocks-advanced-columns has-2-columns has-desktop-equal-layout has-tablet-equal-layout has-mobile-collapsedRows-layout has-vertical-unset\"><div class=\"wp-block-themeisle-blocks-advanced-columns-overlay\"><\/div><div class=\"innerblocks-wrap\">\n<div id=\"wp-block-themeisle-blocks-advanced-column-dc142b13\" class=\"wp-block-themeisle-blocks-advanced-column\"><div class=\"wp-block-image\">\n<figure class=\"aligncenter size-full is-resized\"><img loading=\"lazy\" decoding=\"async\" width=\"600\" height=\"600\" src=\"https:\/\/mamaqtambolodge.com\/wp-content\/uploads\/2023\/06\/taller_retiro_1.jpg\" alt=\"\" class=\"wp-image-1181\" style=\"width:450px;height:450px\" srcset=\"https:\/\/mamaqtambolodge.com\/wp-content\/uploads\/2023\/06\/taller_retiro_1.jpg 600w, https:\/\/mamaqtambolodge.com\/wp-content\/uploads\/2023\/06\/taller_retiro_1-300x300.jpg 300w, https:\/\/mamaqtambolodge.com\/wp-content\/uploads\/2023\/06\/taller_retiro_1-150x150.jpg 150w\" sizes=\"auto, (max-width: 600px) 100vw, 600px\" \/><\/figure>\n<\/div><\/div>\n\n\n\n<div id=\"wp-block-themeisle-blocks-advanced-column-98730780\" class=\"wp-block-themeisle-blocks-advanced-column\">\n<p class=\"has-neve-text-color-color has-text-color\"><strong>C\u00edrculos de palabra y otras actividades:<\/strong> Organizamos c\u00edrculos de palabra, as\u00ed como otras actividades interactivas y enriquecedoras que fomentan la conexi\u00f3n con los dem\u00e1s y la exploraci\u00f3n personal.<\/p>\n\n\n\n<p class=\"has-neve-text-color-color has-text-color\"><strong>Circulo de Cacao:<\/strong> Disponemos de espacios adecuados y preparados para que lleves acabo estas ceremonias o contactarte con facilitadores locales, brindando un ambiente propicio para conectar con el cacao de manera sagrada y significativa. Adicionalmente, podemos organizar visitas a lugares especiales relacionados con el cacao, como la Huanca del Cacao en Montegrande, Ja\u00e9n.<\/p>\n\n\n\n<p class=\"has-neve-text-color-color has-text-color\">Adem\u00e1s, en Mamaq Tambo Lodge, tendr\u00e1s la oportunidad de disfrutar de las maravillas naturales de Cocachimba, que incluyen caminatas con sentido, ba\u00f1os en cascadas y pozas, turismo vivencial, as\u00ed como sumergirte en la cultura y arqueolog\u00eda de Chachapoyas. Todo esto en armon\u00eda con la belleza de la naturaleza que nos rodea.<\/p>\n<\/div>\n<\/div><\/div>\n<\/div><\/div>\n\n\n\n<div class=\"wp-block-cover alignfull\" style=\"min-height:400px;aspect-ratio:unset;\"><span aria-hidden=\"true\" class=\"wp-block-cover__background has-nv-site-bg-background-color has-background-dim-100 has-background-dim\"><\/span><div class=\"wp-block-cover__inner-container is-layout-flow wp-block-cover-is-layout-flow\">\n<p class=\"has-text-align-right has-neve-text-color-color has-text-color\"><strong>RETIROS Y C\u00cdRCULOS<\/strong><br><em>Detalles<\/em><\/p>\n\n\n\n<hr class=\"wp-block-separator has-text-color has-nv-dark-bg-color has-alpha-channel-opacity has-nv-dark-bg-background-color has-background\"\/>\n\n\n\n<p class=\"has-neve-text-color-color has-text-color has-medium-font-size\"><strong>Espacios:<\/strong><\/p>\n\n\n\n<p class=\"has-neve-text-color-color has-text-color\"><strong>Deck junto a la piscina natural:<\/strong> Nuestro deck junto a la piscina natural es ideal para practicar yoga al aire libre y disfrutar de momentos de relajaci\u00f3n. La piscina natural es amplia con 1 mt de profundidad, ideal para pr\u00e1cticas en el agua tambi\u00e9n.<\/p>\n\n\n\n<p class=\"has-neve-text-color-color has-text-color\"><strong>Sala techada para yoga, meditaci\u00f3n y otras pr\u00e1cticas grupales:<\/strong> Este espacio proporciona un ambiente tranquilo y protegido, ideal para realizar actividades en cualquier clima.<\/p>\n\n\n\n<p class=\"has-neve-text-color-color has-text-color\"><strong>Sauna con vista panor\u00e1mica:<\/strong> Nuestro sauna te brinda la oportunidad de relajarte y tratar tu piel con plantas y aceites de Mamaq, mientras disfrutas de una vista panor\u00e1mica impresionante de los alrededores. Es el lugar perfecto para desintoxicar tu cuerpo y liberar el estr\u00e9s.<\/p>\n\n\n\n<p class=\"has-neve-text-color-color has-text-color\"><strong>Sal\u00f3n con fogata para c\u00edrculos u otras ceremonias:<\/strong> Disponemos de un acogedor sal\u00f3n con una fogata, perfecto para realizar c\u00edrculos de fuego u otras ceremonias grupales.<\/p>\n\n\n\n<p class=\"has-neve-text-color-color has-text-color\"><strong>Amplio jard\u00edn con vista a Gocta: <\/strong>Ideal para cualquier tipo de actividad.<\/p>\n\n\n\n<p class=\"has-neve-text-color-color has-text-color\"><strong>Nuestras tres caba\u00f1as deluxe:<\/strong> Ofrecen una experiencia de alojamiento de lujo con vista a Gocta. Cada caba\u00f1a cuenta con terraza y jardines privados, amplios ba\u00f1os, friobar, secador de pelo y entre 4 o 5 plazas por caba\u00f1a. Capacidad total de 12-15 personas. <\/p>\n\n\n\n<p class=\"has-neve-text-color-color has-text-color has-medium-font-size\"><strong>Servicios:<\/strong><\/p>\n\n\n\n<p class=\"has-neve-text-color-color has-text-color\">Posibilidad de habitaci\u00f3n separada para facilitador\/a.<\/p>\n\n\n\n<p class=\"has-neve-text-color-color has-text-color\"><strong>Huerto y comida de la chacra a la mesa: <\/strong>Nuestra comida se basa en ingredientes frescos y saludables provenientes de nuestro huerto. Te deleitar\u00e1s con comidas nutritivas y deliciosas, elaboradas con productos locales cultivados de manera sostenible.<\/p>\n\n\n\n<p class=\"has-neve-text-color-color has-text-color\"><strong>Atenci\u00f3n personalizada y acompa\u00f1amiento: <\/strong>Nuestro equipo se esfuerza por brindar una atenci\u00f3n amorosa, personalizada y amigable. Estaremos disponibles para acompa\u00f1arte durante tu estancia y asegurarnos de que tengas una experiencia memorable.<\/p>\n\n\n\n<p class=\"has-neve-text-color-color has-text-color\"><strong>Orientaci\u00f3n u organizaci\u00f3n<\/strong> de caminatas, traslados en veh\u00edculos privados y\/o tours guiados.<\/p>\n\n\n\n<p class=\"has-neve-text-color-color has-text-color\"><strong>Cotizaci\u00f3n preliminar: <\/strong>La cotizaci\u00f3n final depender\u00e1 de la duraci\u00f3n de la estad\u00eda, la cantidad de personas y los servicios adicionales que desees incluir. Te invito a contactarnos directamente para obtener una cotizaci\u00f3n m\u00e1s precisa y detallada al +51921489607<\/p>\n<\/div><\/div>\n","protected":false},"excerpt":{"rendered":"","protected":false},"author":2,"featured_media":0,"parent":0,"menu_order":0,"comment_status":"closed","ping_status":"closed","template":"","meta":{"neve_meta_sidebar":"full-width","neve_meta_container":"","neve_meta_enable_content_width":"on","neve_meta_content_width":100,"neve_meta_title_alignment":"","neve_meta_author_avatar":"","neve_post_elements_order":"","neve_meta_disable_header":"","neve_meta_disable_footer":"","neve_meta_disable_title":"on","_themeisle_gutenberg_block_has_review":false,"_joinchat":[],"footnotes":""},"class_list":["post-1146","page","type-page","status-publish","hentry"],"_links":{"self":[{"href":"https:\/\/mamaqtambolodge.com\/index.php?rest_route=\/wp\/v2\/pages\/1146","targetHints":{"allow":["GET"]}}],"collection":[{"href":"https:\/\/mamaqtambolodge.com\/index.php?rest_route=\/wp\/v2\/pages"}],"about":[{"href":"https:\/\/mamaqtambolodge.com\/index.php?rest_route=\/wp\/v2\/types\/page"}],"author":[{"embeddable":true,"href":"https:\/\/mamaqtambolodge.com\/index.php?rest_route=\/wp\/v2\/users\/2"}],"replies":[{"embeddable":true,"href":"https:\/\/mamaqtambolodge.com\/index.php?rest_route=%2Fwp%2Fv2%2Fcomments&post=1146"}],"version-history":[{"count":1,"href":"https:\/\/mamaqtambolodge.com\/index.php?rest_route=\/wp\/v2\/pages\/1146\/revisions"}],"predecessor-version":[{"id":1868,"href":"https:\/\/mamaqtambolodge.com\/index.php?rest_route=\/wp\/v2\/pages\/1146\/revisions\/1868"}],"wp:attachment":[{"href":"https:\/\/mamaqtambolodge.com\/index.php?rest_route=%2Fwp%2Fv2%2Fmedia&parent=1146"}],"curies":[{"name":"wp","href":"https:\/\/api.w.org\/{rel}","templated":true}]}}